5*p. List the prime factors of f.
2, 5
Suppose -4*a - 3*h + 225 = 0, -4*a + 264 = a - 2*h. List the prime factors of a.
2, 3
Let w = 14 + -12. List the prime factors of w.
2
Suppose 12*p - 15*p + 120 = 0. What are the prime factors of p?
2, 5
Let i = 9 - -26. What are the prime factors of 255/i + 4/(-14)?
7
Let x(l) = 3*l - 5. Let u be x(10). Let d = -6 + u. Suppose -21 = -5*z + d. List the prime factors of z.
2
Let d = -6 + 6. Suppose g - 20 + 8 = d. List the prime factors of g.
2, 3
Suppose -5*u + 2*x + 645 = 0, -5*u - 5*x = -u - 483. List the prime factors of u.
127
Let a(q) = -3*q**3 - 10*q**2 + 6*q + 10. What are the prime factors of a(-6)?
2, 131
Suppose -3*z - 4*r + 12 = 0, r - 5 = -4*z + 3*z. What are the prime factors of z?
2
Let x be 1*(1 + -4 - 35). What are the prime factors of ((-30)/(-20))/((-3)/x)?
19
Suppose 3 = 2*n - 1. Suppose d - 16 = -n*v, 0*d - 8 = -v - 2*d. Suppose -3*b = i - 7, 3*b - v*b + 30 = -2*i. What are the prime factors of b?
2
Suppose -7*k + 3*k = -148. Suppose 0 = 3*d - 2*d - k. List the prime factors of d.
37
Suppose 2*a = 2*l - 146, -3*a - 54 = -2*l + 94. What are the prime factors of l?
71
Let v(j) = j**2 + 9*j + 11. Let p be v(-8). Suppose -p*m = -4 - 20. List the prime factors of m.
2
Let g be ((-4)/8)/((-1)/6). Let s = -12 + g. List the prime factors of s/(0 + 6/(-4)).
2, 3
Let y(d) = 5*d - 9. Let i be y(8). Let p = -19 + i. List the prime factors of p.
2, 3
Suppose -1 - 2 = 3*c. Let m be -15 - (4/2 + -4). Let o = c - m. What are the prime factors of o?
2, 3
Let x(w) = 3*w + 9. Let i be x(-6). Let m(g) = -g**3 + 7*g**2 - 6*g - 2. Let a be m(6). Let s = a - i. What are the prime factors of s?
7
Let g(x) = -2*x**3 + 0*x**3 + 3*x**3 + 7 + 6*x**2 + 8*x. Let t be g(-5). Let q = t + 13. What are the prime factors of q?
5
Let w = 49 - 5. What are the prime factors of w?
2, 11
Let d = -5 + 4. What are the prime factors of (2 - (4 + d)) + 11?
2, 5
Let u = 40 - -39. What are the prime factors of u?
79
Suppose 2*u - 237 = -u. Let l = -46 + u. Suppose -5*t = -8*t + l. What are the prime factors of t?
11
Suppose -4*u = 3*j + 14, j - 6*u + 3*u + 9 = 0. Let k(z) = z**3 + 6*z**2 + 6. List the prime factors of k(j).
2, 3
Suppose -6*y - q = -3*y - 5, -y + 6 = -4*q. Suppose y*b - 5 = -1. Suppose 0*u - 2*u + 10 = 4*m, b*u + m - 7 = 0. List the prime factors of u.
3
Suppose f - 2*f = 12. Let z = f - -9. What are the prime factors of (-6)/(1 + z/1)?
3
Suppose 6*x = 3*x + 24. Suppose -2 = 4*g + 5*q, -5*q - x = g - 0*q. List the prime factors of g.
2
What are the prime factors of (-5 - (-65)/25)/((-3)/270)?
2, 3
Suppose -n - 5 = 2*h, -5*n - h = -5 - 6. Suppose 0 = 2*l + 3*l - n*p - 51, l - 1 = -4*p. List the prime factors of l.
3
Let p = 17 + -23. List the prime factors of (-3)/p + 284/8.
2, 3
Let u = -2 - 1. Let p be u/((-30)/(-4))*-60. Suppose -w - p = -5*w. What are the prime factors of w?
2, 3
Let c(t) = 3*t + 27. List the prime factors of c(11).
2, 3, 5
Suppose -172 + 12 = -5*p. List the prime factors of p.
2
Let w(b) = 3*b + 4. What are the prime factors of w(9)?
31
Suppose 5*k = -6 - 94. Let n be ((1 + -2)/2)/((-1)/(-28)). Let q = n - k. What are the prime factors of q?
2, 3
Let x = -57 + 61. Let y = 7 + -4. Suppose -x*w + 13 = k, y*w - 14 + 0 = -k. What are the prime factors of k?
17
Let w be 0/(3/(-1) + 1). Suppose w = 2*y + y - 108. List the prime factors of y.
2, 3
Suppose -5*o + 39 = 4*u, 2*u = 2*o - 3 + 9. List the prime factors of u.
2, 3
Let l be 2/13 - 12/78. Suppose l*i = 4*h - 4*i + 48, -5*h - 3*i - 28 = 0. What are the prime factors of ((-6)/5)/(h/60)?
3
Let b be ((-2)/3)/((-6)/45). Suppose -3*m + b*y + 41 = 0, 2 - 6 = y. List the prime factors of m.
7
Suppose 4*p = 2*p - 2*i + 92, 0 = -2*p + i + 77. What are the prime factors of p?
41
Let g = 43 + -24. What are the prime factors of g?
19
Let t = -10 + 14. Let d = 8 + t. List the prime factors of d.
2, 3
Suppose 3*s - 51 = 93. Let f = -16 + s. What are the prime factors of f?
2
Suppose -2*b + 5*p = 372, -6*p - 688 = 4*b - 2*p. Let c be b/(-28) + 4/(-14). Suppose -g - g = -c. List the prime factors of g.
3
Suppose 2*g = 3*n + 2 + 17, 5*g + 2*n = 0. Suppose -g*f = -0*f. Suppose f = j - 5*m - 11, 44 = 4*j - 3*m + m. What are the prime factors of j?
11
Suppose 0*v - v + 15 = -3*k, 0 = 5*v - 3*k - 75. List the prime factors of v.
3, 5
Let x = 2 + 2. Let z(n) = 5*n**3 - 2*n**2 + 2*n - 1. Let f be z(1). Suppose -2*m - 3*q + 27 = 10, x*q + f = 0. List the prime factors of m.
2, 5
Let o be (-15 + 2 + -2)*-1. Suppose -3*a + 2*a + 97 = 4*c, -3*c - 4*a = -63. Let z = c - o. What are the prime factors of z?
2, 5
Let x(r) = r + 3. Let l be x(-4). Suppose -13 = -2*f - 5. List the prime factors of 18/(2 - f)*l.
3
Suppose -230 - 82 = -6*x. What are the prime factors of x?
2, 13
List the prime factors of (55/(-33))/((-1)/45).
3, 5
What are the prime factors of 14/(-3)*(-324)/42?
2, 3
Suppose 145 = -10*r + 405. List the prime factors of r.
2, 13
Let j = -8 - -13. Suppose 0 = j*r + h - 1, -2*r + 4*r + 1 = h. Suppose -3*y + 15 + 30 = r. What are the prime factors of y?
3, 5
Suppose 4*h + 10 = v - 135, 4*v - 517 = -5*h. Suppose 0 = d - 3*d + 5*m - 117, -m = 3*d + v. Let k = d - -64. List the prime factors of k.
2, 3
Let k(r) = r**2 + r - 4. Let d be ((-3)/9)/(2/18). Let t be k(d). Suppose 50 = 3*q + t*q. List the prime factors of q.
2, 5
Let q(p) = -p**3 + 2*p**2 - p - 1. List the prime factors of q(-2).
17
Let r(u) = -5*u**3 + 2*u**2 + 2. Let m be r(2). Let b = 50 + m. Suppose 4 + b = 4*o. List the prime factors of o.
2, 3
Suppose 0 = 5*h - 4*p - 35, -5*h + 52 = -p + 17. Suppose 4*x - 115 + h = 0. List the prime factors of x.
3
Let y = 3 + -3. Suppose -2*j + y*j = 0. Suppose i + 3*i - 8 = j, 5*n - 36 = -3*i. What are the prime factors of n?
2, 3
Suppose -7*a - 6*a = -143. List the prime factors of a.
11
Let v be -2 + (-2)/(4/(-10)). What are the prime factors of (1/(-2))/(v/(-72))?
2, 3
Let v(n) = -39*n + 27. Let d(i) = -3*i + 2. Let p(l) = 27*d(l) - 2*v(l). Let b be p(3). Let s = b + 21. What are the prime factors of s?
2, 3
Let p be 1 + 40 + (-5)/5. Let q = p - 28. List the prime factors of q.
2, 3
Let w = 145 - 73. List the prime factors of w.
2, 3
Let s(j) = -j**3 + j + 1. Let w(c) = 6*c**3 - c**2 - 3*c**3 + 3*c - 6*c + 4*c - 4. Let z(r) = 2*s(r) + w(r). What are the prime factors of z(2)?
2
Suppose 5*a = 3*l - 964 + 126, 5*a - 306 = -l. List the prime factors of l.
2, 11, 13
What are the prime factors of (-10)/(-65) - (-984)/26?
2, 19
Suppose 4*a - 3*a = 0. Let h = a + 3. What are the prime factors of h?
3
Let w = 13 + -38. Let c = w - -37. List the prime factors of c.
2, 3
Let v = -32 - -64. What are the prime factors of v?
2
Let v be -15 - 2/(-2) - 2. Let c(z) = -2*z**2 + z - 1. Let y be c(1). Let p = y - v. What are the prime factors of p?
2, 7
Suppose -3*h - 154 = -4*n - 5*h, 3*n - 128 = -4*h. List the prime factors of n.
2, 3
Let p(a) = 3*a - 4. Let w be p(3). Suppose w = 5*b, -2*x - b + 24 - 1 = 0. What are the prime factors of x?
11
Let m be -14*-2*3/12. Suppose 5*f - m = 3. Suppose 0 = -f*o + o + 5. What are the prime factors of o?
5
Suppose 3*r + 2*f - 31 - 23 = 0, -54 = -3*r - 4*f. What are the prime factors of r?
2, 3
Let x(h) = -h**3 - 4*h**2 - 4*h - 2. Let m be x(-3). Let z be 3*4/(-3) + m. Let f = z + 13. List the prime factors of f.
2, 5
Suppose 0 = 2*x + 8 + 48. Let k be x/(-6) - (-7)/21. Let b = k - 2. List the prime factors of b.
3
Let f = -16 + 10. Let m = 12 + f. List the prime factors of -15*1/((-9)/m).
2, 5
Let w(k) be the third derivative of 0 + 1/60*k**5 - 2*k**2 + 1/8*k**4 + 0*k - 1/6*k**3. What are the prime factors of w(-4)?
3
Let n(o) = -o**2 + 9*o + 1. Let j be (-42)/(-6) + -1*2. What are the prime factors of n(j)?
3, 7
Let x(w) = 1 + 10*w**3 - 2*w**2 + w + 0*w - 11*w**3. What are the prime factors of x(-4)?
29
Let t = -19 + 25. What are the prime factors of t?
2, 3
Let p = -22 - -63. List the prime factors of p.
41
Suppose 2*o + 103 = 427. What are the prime factors of o?
2, 3
Suppose 5*m - m = 8. Suppose -u - m*p + 14 = p, 2*u + 2*p = 12. Suppose u*h = 19 - 1. List the prime factors of h.
3
Let z(u) = 7*u**2 - 13*u - 11. Let r(i) = -8*i**2 + 14*i + 11. Let j(y) = -6*r(y) - 7*z(y). What are the prime factors of j(8)?
3
Suppose x - 32 + 139 = 